{"id":34,"date":"2023-04-03T19:15:16","date_gmt":"2023-04-03T17:15:16","guid":{"rendered":"https:\/\/consolatozurigo.esteri.it\/?page_id=34"},"modified":"2024-07-17T15:30:48","modified_gmt":"2024-07-17T19:30:48","slug":"il-console-generale","status":"publish","type":"page","link":"https:\/\/conscaracas.esteri.it\/it\/chi-siamo\/il-console-generale\/","title":{"rendered":"Il Console Generale"},"content":{"rendered":"<p><strong>Jacopo Martino<\/strong><\/p>\n<p>Il consigliere di legazione Jacopo Martino \u00e8 Console generale d&#8217;Italia a Caracas dall&#8217;8 luglio 2024. La sua circoscrizione consolare \u00e8 il territorio della Repubblica Bolivariana del Venezuela ad eccezione degli stati federati di Zulia, M\u00e9rida, T\u00e1chira, Trujillo e Falc\u00f3n.<\/p>\n","protected":false},"excerpt":{"rendered":"Jacopo Martino Il consigliere di legazione Jacopo Martino \u00e8 Console generale d&#8217;Italia a Caracas dall&#8217;8 luglio 2024. La sua circoscrizione consolare \u00e8 il territorio della Repubblica Bolivariana del Venezuela ad eccezione degli stati federati di Zulia, M\u00e9rida, T\u00e1chira, Trujillo e Falc\u00f3n.","protected":false},"author":1,"featured_media":0,"parent":13,"menu_order":0,"comment_status":"closed","ping_status":"closed","template":"","meta":{"footnotes":""},"class_list":["post-34","page","type-page","status-publish","hentry"],"_links":{"self":[{"href":"https:\/\/conscaracas.esteri.it\/it\/wp-json\/wp\/v2\/pages\/34","targetHints":{"allow":["GET"]}}],"collection":[{"href":"https:\/\/conscaracas.esteri.it\/it\/wp-json\/wp\/v2\/pages"}],"about":[{"href":"https:\/\/conscaracas.esteri.it\/it\/wp-json\/wp\/v2\/types\/page"}],"author":[{"embeddable":true,"href":"https:\/\/conscaracas.esteri.it\/it\/wp-json\/wp\/v2\/users\/1"}],"replies":[{"embeddable":true,"href":"https:\/\/conscaracas.esteri.it\/it\/wp-json\/wp\/v2\/comments?post=34"}],"version-history":[{"count":2,"href":"https:\/\/conscaracas.esteri.it\/it\/wp-json\/wp\/v2\/pages\/34\/revisions"}],"predecessor-version":[{"id":2370,"href":"https:\/\/conscaracas.esteri.it\/it\/wp-json\/wp\/v2\/pages\/34\/revisions\/2370"}],"up":[{"embeddable":true,"href":"https:\/\/conscaracas.esteri.it\/it\/wp-json\/wp\/v2\/pages\/13"}],"wp:attachment":[{"href":"https:\/\/conscaracas.esteri.it\/it\/wp-json\/wp\/v2\/media?parent=34"}],"curies":[{"name":"wp","href":"https:\/\/api.w.org\/{rel}","templated":true}]}}

<p><strong>Jacopo Martino</strong></p>
<p>Il consigliere di legazione Jacopo Martino è Console generale d&#8217;Italia a Caracas dall&#8217;8 luglio 2024. La sua circoscrizione consolare è il territorio della Repubblica Bolivariana del Venezuela ad eccezione degli stati federati di Zulia, Mérida, Táchira, Trujillo e Falcón.</p>

Jacopo Martino Il consigliere di legazione Jacopo Martino è Console generale d&#8217;Italia a Caracas dall&#8217;8 luglio 2024. La sua circoscrizione consolare è il territorio della Repubblica Bolivariana del Venezuela ad eccezione degli stati federati di Zulia, Mérida, Táchira, Trujillo e Falcón.
